{"id":290,"date":"2023-07-25T10:39:09","date_gmt":"2023-07-25T10:39:09","guid":{"rendered":"http:\/\/www.siimansotkijat.net\/Sivut\/?page_id=290"},"modified":"2026-01-03T14:56:53","modified_gmt":"2026-01-03T12:56:53","slug":"yhdistys","status":"publish","type":"page","link":"https:\/\/www.siimansotkijat.net\/Sivut\/yhdistys\/","title":{"rendered":"Yhdistys"},"content":{"rendered":"\n<div class=\"wp-block-columns is-layout-flex wp-container-core-columns-layout-1 wp-block-columns-is-layout-flex\">\n<div class=\"wp-block-column is-layout-flow wp-block-column-is-layout-flow\" style=\"flex-basis:100%\">\n<div class=\"wp-block-group is-layout-constrained wp-block-group-is-layout-constrained\"><div class=\"wp-block-group__inner-container\">\n<p style=\"font-size:19px\"><strong>Puheenjohtaja:<\/strong><br>Marko Hyv\u00f6nen<br>040 527 8191<br>rapparimake@gmail.com<\/p>\n\n\n\n<p style=\"font-size:19px\"><strong>Varapuheenjohtaja:<\/strong><br>Antti Kolari<\/p>\n\n\n\n<p style=\"font-size:19px\"><strong>Sihteeri:<\/strong><br>Merja Lukkarinen<br>044 580 4714<br>siimansotkijat@gmail.com<\/p>\n\n\n\n<p style=\"font-size:19px\"><strong>Laskutusosoite:<\/strong><br>Haapasel\u00e4ntie 50, 77700 Rautalampi<\/p>\n\n\n\n<p style=\"font-size:19px\"><strong>Hallitus:<\/strong><br>Mika Lukkarinen, varaj\u00e4senen\u00e4 Mika Kaikkonen<br>Eetu Nenonen, varaj\u00e4senen\u00e4 Jussi Hakulinen<br>Tuomo Nyyss\u00f6nen, varaj\u00e4senen\u00e4 Markku Malinen<br>Paavo Laitinen, varaj\u00e4senen\u00e4 Arto Suihkonen<br>Jarmo Vaittinen, varaj\u00e4senen\u00e4 Piia Vaittinen<br>Lauri Ruokola, varaj\u00e4senen\u00e4 Tapio Tick<\/p>\n\n\n\n<p style=\"font-size:19px\"><strong>Seuran J\u00e4senmaksut vuodelle 2026<\/strong><br>Aikuisj\u00e4senet <strong>20\u20ac<\/strong> ja perheenj\u00e4senet <strong>10\u20ac<\/strong><br>J\u00e4\u00e4hilekoneen avain <strong>25\u20ac<\/strong><\/p>\n\n\n\n<p style=\"font-size:19px\"><strong>Tilinumero FI74 1081 3000 1094 41<\/strong><\/p>\n\n\n\n<p><\/p>\n\n\n\n<p style=\"font-size:19px\"><strong>Nettisivut:<\/strong><br>Mika Lukkarinen<br>040 580 4714<br>siimansotkijat@gmail.com<\/p>\n<\/div><\/div>\n<\/div>\n<\/div>\n","protected":false},"excerpt":{"rendered":"<p>Puheenjohtaja:Marko Hyv\u00f6nen040 527 8191rapparimake@gmail.com Varapuheenjohtaja:Antti Kolari Sihteeri:Merja Lukkarinen044 580 4714siimansotkijat@gmail.com Laskutusosoite:Haapasel\u00e4ntie 50, 77700 Rautalampi Hallitus:Mika Lukkarinen, varaj\u00e4senen\u00e4 Mika KaikkonenEetu Nenonen, varaj\u00e4senen\u00e4 Jussi HakulinenTuomo Nyyss\u00f6nen, varaj\u00e4senen\u00e4 Markku MalinenPaavo Laitinen, varaj\u00e4senen\u00e4 Arto SuihkonenJarmo Vaittinen, varaj\u00e4senen\u00e4 Piia VaittinenLauri Ruokola, varaj\u00e4senen\u00e4 Tapio Tick Seuran J\u00e4senmaksut vuodelle 2026Aikuisj\u00e4senet 20\u20ac ja perheenj\u00e4senet 10\u20acJ\u00e4\u00e4hilekoneen avain 25\u20ac Tilinumero FI74 1081 3000 1094 41 [&hellip;]<\/p>\n","protected":false},"author":1,"featured_media":0,"parent":0,"menu_order":0,"comment_status":"closed","ping_status":"closed","template":"","meta":{"footnotes":""},"_links":{"self":[{"href":"https:\/\/www.siimansotkijat.net\/Sivut\/wp-json\/wp\/v2\/pages\/290"}],"collection":[{"href":"https:\/\/www.siimansotkijat.net\/Sivut\/wp-json\/wp\/v2\/pages"}],"about":[{"href":"https:\/\/www.siimansotkijat.net\/Sivut\/wp-json\/wp\/v2\/types\/page"}],"author":[{"embeddable":true,"href":"https:\/\/www.siimansotkijat.net\/Sivut\/wp-json\/wp\/v2\/users\/1"}],"replies":[{"embeddable":true,"href":"https:\/\/www.siimansotkijat.net\/Sivut\/wp-json\/wp\/v2\/comments?post=290"}],"version-history":[{"count":12,"href":"https:\/\/www.siimansotkijat.net\/Sivut\/wp-json\/wp\/v2\/pages\/290\/revisions"}],"predecessor-version":[{"id":1691,"href":"https:\/\/www.siimansotkijat.net\/Sivut\/wp-json\/wp\/v2\/pages\/290\/revisions\/1691"}],"wp:attachment":[{"href":"https:\/\/www.siimansotkijat.net\/Sivut\/wp-json\/wp\/v2\/media?parent=290"}],"curies":[{"name":"wp","href":"https:\/\/api.w.org\/{rel}","templated":true}]}}